e remainder when 2939 is divided by 105?
104
What is the remainder when 687 is divided by 233?
221
What is the remainder when 105 is divided by 13?
1
What is the remainder when 605 is divided by 9?
2
Calculate the remainder when 262 is divided by 31.
14
What is the remainder when 59 is divided by 1?
0
What is the remainder when 1709 is divided by 10?
9
Calculate the remainder when 214 is divided by 18.
16
Calculate the remainder when 1495 is divided by 68.
67
Calculate the remainder when 64 is divided by 20.
4
Calculate the remainder when 796 is divided by 17.
14
Calculate the remainder when 357 is divided by 90.
87
Calculate the remainder when 23 is divided by 8.
7
Calculate the remainder when 302 is divided by 54.
32
What is the remainder when 1376 is divided by 293?
204
What is the remainder when 200 is divided by 29?
26
What is the remainder when 268 is divided by 49?
23
Calculate the remainder when 278 is divided by 6.
2
Calculate the remainder when 158 is divided by 34.
22
Calculate the remainder when 529 is divided by 140.
109
What is the remainder when 25 is divided by 25?
0
Calculate the remainder when 435 is divided by 71.
9
Calculate the remainder when 164 is divided by 17.
11
What is the remainder when 172 is divided by 11?
7
Calculate the remainder when 3413 is divided by 19.
12
What is the remainder when 801 is divided by 258?
27
Calculate the remainder when 1004 is divided by 126.
122
Calculate the remainder when 216 is divided by 17.
12
What is the remainder when 407 is divided by 181?
45
Calculate the remainder when 24478 is divided by 144.
142
What is the remainder when 752 is divided by 105?
17
Calculate the remainder when 178 is divided by 50.
28
Calculate the remainder when 190 is divided by 14.
8
What is the remainder when 1152 is divided by 247?
164
What is the remainder when 570 is divided by 4?
2
What is the remainder when 223 is divided by 19?
14
Calculate the remainder when 255 is divided by 35.
10
What is the remainder when 70 is divided by 31?
8
What is the remainder when 288 is divided by 94?
6
What is the remainder when 73 is divided by 15?
13
What is the remainder when 472 is divided by 68?
64
Calculate the remainder when 101 is divided by 9.
2
Calculate the remainder when 1005 is divided by 16.
13
What is the remainder when 526 is divided by 169?
19
What is the remainder when 79 is divided by 42?
37
Calculate the remainder when 14458 is divided by 12.
10
What is the remainder when 911 is divided by 83?
81
What is the remainder when 21 is divided by 14?
7
Calculate the remainder when 3917 is divided by 1951.
15
What is the remainder when 108 is divided by 100?
8
What is the remainder when 919 is divided by 10?
9
What is the remainder when 627 is divided by 49?
39
What is the remainder when 96 is divided by 36?
24
Calculate the remainder when 655 is divided by 33.
28
What is the remainder when 200 is divided by 24?
8
Calculate the remainder when 38 is divided by 9.
2
What is the remainder when 893 is divided by 318?
257
What is the remainder when 360 is divided by 33?
30
Calculate the remainder when 199 is divided by 96.
7
Calculate the remainder when 145 is divided by 40.
25
What is the remainder when 119 is divided by 57?
5
What is the remainder when 264 is divided by 89?
86
Calculate the remainder when 302 is divided by 76.
74
Calculate the remainder when 295 is divided by 165.
130
What is the remainder when 694 is divided by 136?
14
What is the remainder when 49 is divided by 10?
9
What is the remainder when 1734 is divided by 432?
6
Calculate the remainder when 1899 is divided by 918.
63
What is the remainder when 271 is divided by 142?
129
Calculate the remainder when 97 is divided by 32.
1
Calculate the remainder when 31 is divided by 29.
2
Calculate the remainder when 4418 is divided by 158.
152
What is the remainder when 494 is divided by 233?
28
Calculate the remainder when 2888 is divided by 20.
8
Calculate the remainder when 128 is divided by 92.
36
What is the remainder when 218 is divided by 123?
95
What is the remainder when 9559 is divided by 40?
39
What is the remainder when 327 is divided by 150?
27
What is the remainder when 986 is divided by 31?
25
What is the remainder when 1592 is divided by 42?
38
What is the remainder when 954 is divided by 184?
34
What is the remainder when 1418 is divided by 33?
32
Calculate the remainder when 79 is divided by 76.
3
What is the remainder when 2642 is divided by 190?
172
What is the remainder when 393 is divided by 18?
15
What is the remainder when 999 is divided by 168?
159
Calculate the remainder when 1976 is divided by 95.
76
Calculate the remainder when 3802 is divided by 4.
2
Calculate the remainder when 217 is divided by 16.
9
What is the remainder when 5322 is divided by 24?
18
What is the remainder when 1083 is divided by 83?
4
Calculate the remainder when 65 is divided by 11.
10
What is the remainder when 894 is divided by 47?
1
Calculate the remainder when 536 is divided by 248.
40
What is the remainder when 21038 is divided by 126?
122
What is the remainder when 328 is divided by 117?
94
Calculate the remainder when 213 is divided by 12.
9
What is the remainder when 677 is divided by 12?
5
Calculate the remainder when 1284 is divided by 14.
10
What is the remainder when 99 is divided by 10?
9
What is the remainder when 2953 is divided by 15?
13
Calculate the remainder when 32012 is divided by 184.
180
Calculate the remainder when 391 is divided by 134.
123
What is the remainder when 223 is divided by 86?
51
Calculate the remainder when 955 is divided by 109.
83
Calculate the remainder when 74 is divided by 36.
2
What is the remainder when 360 is divided by 33?
30
What is the remainder when 318 is divided by 21?
3
What is the remainder when 377 is divided by 79?
61
Calculate the remainder when 35 is divided by 12.
11
Calculate the remainder when 2683 is divided by 16.
11
Calculate the remainder when 472 is divided by 65.
17
Calculate the remainder when 12 is divided by 9.
3
What is the remainder when 668 is divided by 74?
2
What is the remainder when 62 is divided by 21?
20
Calculate the remainder when 191 is divided by 65.
61
What is the remainder when 162 is divided by 84?
78
What is the remainder when 136 is divided by 69?
67
What is the remainder when 33 is divided by 4?
1
What is the remainder when 443 is divided by 74?
73
Calculate the remainder when 1328 is divided by 11.
8
Calculate the remainder when 627 is divided by 70.
67
What is the remainder when 734 is divided by 77?
41
What is the remainder when 517 is divided by 234?
49
What is the remainder when 150 is divided by 17?
14
What is the remainder when 525 is divided by 104?
5
Calculate the remainder when 707 is divided by 238.
231
What is the remainder when 253 is divided by 52?
45
Calculate the remainder when 199 is divided by 51.
46
Calculate the remainder when 159 is divided by 40.
39
Calculate the remainder when 109 is divided by 53.
3
Calculate the remainder when 6310 is divided by 39.
31
Calculate the remainder when 78 is divided by 49.
29
Calculate the remainder when 34 is divided by 5.
4
Calculate the remainder when 323 is divided by 25.
23
What is the remainder when 136 is divided by 14?
10
Calculate the remainder when 778 is divided by 756.
22
What is the remainder when 1435 is divided by 287?
0
What is the remainder when 1679 is divided by 60?
59
What is the remainder when 637 is divided by 32?
29
Calculate the remainder when 2862 is divided by 19.
12
Calculate the remainder when 2495 is divided by 78.
77
Calculate the remainder when 228 is divided by 79.
70
Calculate the remainder when 309 is divided by 35.
29
What is the remainder when 1167 is divided by 45?
42
What is the remainder when 48 is divided by 32?
16
What is the remainder when 2237 is divided by 57?
14
Calculate the remainder when 164 is divided by 31.
9
Calculate the remainder when 832 is divided by 105.
97
Calculate the remainder when 339 is divided by 71.
55
What is the remainder when 376 is divided by 38?
34
Calculate the remainder when 3808 is divided by 13.
12
What is the remainder when 32 is divided by 14?
4
Calculate the remainder when 315 is divided by 312.
3
What is the remainder when 8978 is d